 base 7.
114226
Convert 825 (base 16) to base 2.
100000100101
13477 (base 8) to base 10
5951
Convert 151022 (base 7) to base 15.
899b
-16934 (base 12) to base 13
-119c5
What is -20222222 (base 3) in base 2?
-1001111101110
What is -239 (base 16) in base 8?
-1071
Convert -17678 (base 9) to base 8.
-27675
-141 (base 11) to base 4
-2212
777 (base 13) to base 9
1673
What is 2132 (base 9) in base 14?
800
What is 3003 (base 5) in base 10?
378
What is -21110112 (base 3) in base 14?
-1da9
25 (base 14) to base 6
53
What is 123430 (base 5) in base 3?
20200012
Convert 21110220 (base 3) to base 9.
7426
What is -a729 (base 16) in base 5?
-2332133
Convert -19684 (base 12) to base 6.
-444244
1001010000 (base 2) to base 10
592
494 (base 15) to base 13
61c
What is 1110001110 (base 3) in base 10?
28470
Convert 112222 (base 4) to base 7.
4141
What is 440 (base 6) in base 7?
330
Convert 5856 (base 10) to base 6.
43040
31324 (base 11) to base 2
1011001001001011
24166 (base 7) to base 16
187f
Convert 4454 (base 8) to base 9.
3188
What is cf (base 16) in base 2?
11001111
Convert 144030 (base 5) to base 8.
13774
Convert 11ac (base 15) to base 14.
152a
1752 (base 16) to base 2
1011101010010
What is 1102100 (base 3) in base 16?
40b
What is -115 (base 8) in base 6?
-205
Convert 240 (base 10) to base 6.
1040
-1564 (base 15) to base 14
-1962
1614 (base 11) to base 8
4030
What is -7b77 (base 16) in base 13?
-11504
Convert -2db8 (base 14) to base 15.
-2668
Convert -462 (base 15) to base 16.
-3e0
Convert -15011 (base 6) to base 15.
-a8d
Convert -21854 (base 12) to base 7.
-243331
What is 1102201 (base 3) in base 11?
870
-49b (base 13) to base 15
-389
What is 15977 (base 11) in base 9?
33735
11230111 (base 4) to base 9
34877
Convert -2886 (base 13) to base 8.
-13340
Convert -11110011110000 (base 2) to base 16.
-3cf0
-13156 (base 8) to base 12
-33a6
What is 14255 (base 10) in base 2?
11011110101111
What is -69b4 (base 15) in base 4?
-11132230
Convert 133 (base 12) to base 3.
20210
Convert -887 (base 9) to base 16.
-2d7
What is 5240 (base 7) in base 12?
1095
Convert -423526 (base 7) to base 14.
-1ca16
312033 (base 4) to base 9
4676
157 (base 9) to base 3
11221
c54 (base 16) to base 12
19b0
Convert -1230201 (base 5) to base 7.
-126251
Convert -660 (base 10) to base 5.
-10120
What is -161 (base 7) in base 9?
-112
Convert -e8d2 (base 15) to base 5.
-3033442
772 (base 10) to base 14
3d2
135473 (base 8) to base 3
2102202020
What is -159a (base 14) in base 16?
-f14
-5b8a (base 14) to base 7
-64433
What is 607 (base 8) in base 9?
474
-31690 (base 10) to base 8
-75712
Convert -43344 (base 5) to base 12.
-187a
-965 (base 12) to base 16
-55d
b24c (base 14) to base 4
13132310
13223123 (base 4) to base 9
47125
What is 41100 (base 6) in base 3?
21110100
Convert -248 (base 11) to base 7.
-600
31221 (base 4) to base 2
1101101001
Convert -32313 (base 4) to base 10.
-951
What is 20a (base 14) in base 7?
1113
-251 (base 16) to base 11
-49a
What is 32111 (base 4) in base 5?
12132
425 (base 9) to base 12
24b
-6984 (base 11) to base 16
-23cf
Convert 975 (base 15) to base 2.
100001010111
Convert 3120303 (base 4) to base 5.
421000
Convert a79 (base 14) to base 7.
6012
What is 1103210 (base 5) in base 3?
222022101
Convert 548 (base 13) to base 14.
489
111 (base 14) to base 9
254
1ba6 (base 12) to base 5
102223
Convert -10310 (base 6) to base 12.
-996
Convert 1011011 (base 3) to base 4.
31021
4 (base 12) to base 3
11
What is 2011112 (base 3) in base 9?
2145
What is 839 (base 12) in base 8?
2255
Convert 2313 (base 5) to base 11.
283
-19a61 (base 11) to base 13
-c90c
Convert 2220 (base 7) to base 11.
666
What is -11b5 (base 14) in base 9?
-4223
What is -218a (base 15) in base 8?
-15701
-1337 (base 8) to base 16
-2df
What is -1101001101 (base 2) in base 8?
-1515
What is -210 (base 13) in base 5?
-2401
-182 (base 16) to base 11
-321
What is 5253 (base 10) in base 14?
1cb3
1101111000 (base 2) to base 12
620
What is -111111010 (base 2) in base 13?
-2cc
Convert 256 (base 16) to base 15.
29d
What is 425 (base 15) in base 12?
65b
What is a2c (base 15) in base 9?
3126
Convert 1100101100 (base 2) to base 9.
1102
Convert -10023 (base 8) to base 11.
-3101
285b (base 15) to base 5
234021
2488 (base 10) to base 11
1962
624 (base 11) to base 3
1000212
1020011202 (base 3) to base 2
101111001111001
Convert -11d7 (base 14) to base 11.
-2395
Convert 512 (base 9) to base 2.
110100000
1b3d (base 14) to base 5
124310
Convert -101111111110 (base 2) to base 7.
-11644
What is -1692 (base 10) in base 12?
-b90
-2c (base 13) to base 5
-123
Convert 3304 (base 5) to base 9.
554
61c (base 13) to base 4
100033
be (base 15) to base 16
b3
-22b (base 14) to base 11
-362
180 (base 11) to base 9
252
What is 134a (base 11) in base 5?
23443
4040 (base 7) to base 6
10252
2021011 (base 3) to base 7
4546
What is 1010100111010 (base 2) in base 13?
2620
Convert -4a99 (base 13) to base 10.
-10604
What is 4176a (base 12) in base 4?
110330002
What is -1a27 (base 13) in base 16?
-f50
What is -14143 (base 5) in base 13?
-6c3
20020210 (base 4) to base 13
1221a
What is -1616 (base 12) in base 3?
-10120200
-1221213 (base 5) to base 7
-124645
What is 11 (base 16) in base 2?
10001
What is 1133 (base 7) in base 11?
349
120021212 (base 3) to base 2
10101110001011
Convert -334 (base 16) to base 12.
-584
Convert -1023310 (base 6) to base 2.
-1100001101011010
What is 28044 (base 9) in base 2?
100101000110010
Convert -1114424 (base 5) to base 10.
-19989
What is -10020002 (base 3) in base 4?
-210233
54051 (base 8) to base 16
5829
11030020 (base 4) to base 9
32137
-313032 (base 4) to base 3
-11211220
2243 (base 12) to base 15
11d0
-11242 (base 5) to base 6
-3450
What is -10044 (base 12) in base 11?
-14689
10201022 (base 4) to base 16
484a
What is 227 (base 10) in base 15?
102
What is -67040 (base 9) in base 10?
-44505
-70 (base 12) to base 13
-66
Convert 3121 (base 7) to base 11.
904
-788c (base 13) to base 7
-100055
Convert -249 (base 12) to base 13.
-207
201002012 (base 3) to base 7
55361
Convert -9175 (base 10) to base 7.
-35515
-78 (base 15) to base 13
-89
What is -2344 (base 10) in base 16?
-928
Convert 2100 (base 4) to base 11.
121
What is 29699 (base 10) in base 14?
ab75
Convert e71 (base 16) to base 13.
18b5
-355250 (base 6) to base 5
-1442430
What is -632 (base 7) in base 6?
-1245
What is -23200 (base 5) in base 16?
-68b
Convert b32 (base 12) to base 3.
2020002
What is 286 (base 9) in base 11?
1a9
Convert -6453 (base 8) to base 12.
-1b4b
What is -1001010201 (base 3) in base 9?
-31121
What is -100244 (base 5) in base 4?
-301333
125 (base 12) to base 11
148
Convert 13a (base 14) to base 2.
11111000
-aa88 (base 13) to base 9
-35543
Convert -19 (base 13) to base 8.
-26
1151022 (base 6) to base 11
41a34
61305 (base 7) to base 8
35065
140313 (base 5) to base 4
1121030
Convert -1143 (base 6) to base 15.
-139
Convert 11111110 (base 3) to base 6.
23103
Convert -404331 (base 5) to base 11.
-9921
11 (base 12) to base 6
21
200230 (base 5) to base 9
8586
What is 2b38 (base 14) in base 9?
11488
What is -2352 (base 6) in base 4?
-20330
Convert 10331000 (base 4) to base 3.
1000211102
-19628 (base 13) to base 4
-30003212
Convert 23132 (base 8) to base 3.
111110122
-12b (base 16) to base 5
-2144
Convert -101110011110110 (base 2) to base 10.
-23798
What is -1a2 (base 12) in base 8?
-412
What is -12013010 (base 4) in base 16?
-61c4
Convert 35414 (base 6) to base 10.
5122
-160127 (base 8) to base 13
-201aa
13101 (base 4) to base 6
2053
What is -414412 (base 5) in base 12?
-7b44
Convert 4a7 (base 13) to base 14.
421
Convert -1460 (base 7) to base 3.
-210112
What is 317 (base 9) in base 6?
1111
Convert -1041 (base 7) to base 2.
-101110100
66529 (base 10) to base 6
1232001
What is 34d4 (base 16) in base 2?
11010011010100
Convert -1316 (base 7) to base 3.
-200122
Convert -11011100000 (base 2) to base 10.
-1760
Convert -7431 (base 8) to base 5.
-110430
Convert 154864 (base 9) to base 5.
11023401
-2400 (base 5) to base 4
-11132
What is 10023203 (base 4) in base 15?
5118
Convert -200011112 (base 3) to base 15.
-3dce
What is -297 (base 11) in base 12?
-250
Convert -22a5 (base 13) to base 7.
-20122
What is -2121222111 (base 3) in base 9?
-77874
What is 14 (base 8) in base 2?
1100
